te the remainder when 876 is divided by 44.
40
Calculate the remainder when 109926 is divided by 2681.
5
What is the remainder when 3741 is divided by 51?
18
What is the remainder when 354089 is divided by 37?
36
Calculate the remainder when 2542 is divided by 257.
229
What is the remainder when 341906 is divided by 29?
25
What is the remainder when 56053 is divided by 467?
13
Calculate the remainder when 3310 is divided by 1379.
552
What is the remainder when 9455 is divided by 55?
50
What is the remainder when 95959 is divided by 47976?
7
Calculate the remainder when 41171 is divided by 191.
106
Calculate the remainder when 69403 is divided by 9.
4
What is the remainder when 4064 is divided by 59?
52
Calculate the remainder when 429864 is divided by 389.
19
What is the remainder when 82027 is divided by 274?
101
What is the remainder when 3188 is divided by 84?
80
What is the remainder when 147082 is divided by 17?
15
Calculate the remainder when 15703 is divided by 377.
246
What is the remainder when 14096 is divided by 102?
20
What is the remainder when 50522 is divided by 904?
802
What is the remainder when 3531 is divided by 1143?
102
Calculate the remainder when 2298 is divided by 1056.
186
What is the remainder when 397751 is divided by 1239?
32
What is the remainder when 10609 is divided by 3179?
1072
What is the remainder when 74518 is divided by 180?
178
Calculate the remainder when 1296 is divided by 174.
78
What is the remainder when 57735 is divided by 144?
135
What is the remainder when 26973 is divided by 6623?
481
What is the remainder when 90785 is divided by 138?
119
Calculate the remainder when 24702 is divided by 29.
23
What is the remainder when 1296632 is divided by 64?
56
Calculate the remainder when 166468 is divided by 155.
153
What is the remainder when 100888 is divided by 301?
53
Calculate the remainder when 14322 is divided by 596.
18
Calculate the remainder when 47913 is divided by 3422.
5
What is the remainder when 52927 is divided by 2785?
12
Calculate the remainder when 65680 is divided by 162.
70
What is the remainder when 2301 is divided by 1305?
996
Calculate the remainder when 29023 is divided by 1934.
13
Calculate the remainder when 49727 is divided by 348.
311
Calculate the remainder when 7490 is divided by 3737.
16
Calculate the remainder when 13811 is divided by 36.
23
Calculate the remainder when 938 is divided by 271.
125
What is the remainder when 69825 is divided by 1318?
1289
What is the remainder when 233 is divided by 9?
8
Calculate the remainder when 390872 is divided by 20.
12
What is the remainder when 2207 is divided by 366?
11
Calculate the remainder when 38599 is divided by 22.
11
Calculate the remainder when 38252 is divided by 19118.
16
Calculate the remainder when 591 is divided by 68.
47
Calculate the remainder when 59618 is divided by 8503.
97
What is the remainder when 7163 is divided by 3520?
123
Calculate the remainder when 18414 is divided by 89.
80
Calculate the remainder when 475073 is divided by 1480.
1473
Calculate the remainder when 3513 is divided by 30.
3
What is the remainder when 8464 is divided by 19?
9
Calculate the remainder when 19143 is divided by 56.
47
What is the remainder when 107039 is divided by 46?
43
Calculate the remainder when 12496 is divided by 12459.
37
Calculate the remainder when 20763 is divided by 6903.
54
What is the remainder when 20463 is divided by 211?
207
Calculate the remainder when 89841 is divided by 609.
318
What is the remainder when 6088 is divided by 864?
40
What is the remainder when 8031 is divided by 119?
58
Calculate the remainder when 857 is divided by 211.
13
Calculate the remainder when 8077 is divided by 103.
43
What is the remainder when 290149 is divided by 35?
34
Calculate the remainder when 17684 is divided by 236.
220
What is the remainder when 18959 is divided by 473?
39
Calculate the remainder when 20248 is divided by 3646.
2018
Calculate the remainder when 23008 is divided by 7668.
4
Calculate the remainder when 2688 is divided by 452.
428
Calculate the remainder when 344573 is divided by 2.
1
Calculate the remainder when 198188 is divided by 12386.
12
What is the remainder when 3415 is divided by 244?
243
What is the remainder when 39787 is divided by 2226?
1945
What is the remainder when 84191 is divided by 479?
366
Calculate the remainder when 30070 is divided by 639.
37
Calculate the remainder when 19172 is divided by 1364.
76
Calculate the remainder when 166361 is divided by 4.
1
What is the remainder when 1127229 is divided by 618?
615
Calculate the remainder when 25843 is divided by 72.
67
What is the remainder when 11390 is divided by 11388?
2
Calculate the remainder when 987 is divided by 798.
189
What is the remainder when 6899 is divided by 433?
404
Calculate the remainder when 86894 is divided by 184.
46
What is the remainder when 163058 is divided by 526?
524
Calculate the remainder when 49155 is divided by 16365.
60
Calculate the remainder when 1038 is divided by 338.
24
What is the remainder when 18103 is divided by 1059?
100
Calculate the remainder when 112223 is divided by 362.
3
Calculate the remainder when 5795 is divided by 10.
5
Calculate the remainder when 59062 is divided by 428.
426
Calculate the remainder when 6721 is divided by 1675.
21
Calculate the remainder when 2499 is divided by 226.
13
Calculate the remainder when 25581 is divided by 85.
81
What is the remainder when 4003 is divided by 163?
91
Calculate the remainder when 2122 is divided by 485.
182
What is the remainder when 703067 is divided by 191?
187
What is the remainder when 86922 is divided by 5?
2
Calculate the remainder when 34118 is divided by 17054.
10
Calculate the remainder when 838798 is divided by 1398.
1396
Calculate the remainder when 29563 is divided by 389.
388
What is the remainder when 11171 is divided by 287?
265
What is the remainder when 1891 is divided by 41?
5
What is the remainder when 1665 is divided by 530?
75
Calculate the remainder when 289 is divided by 139.
11
Calculate the remainder when 15476 is divided by 98.
90
Calculate the remainder when 47 is divided by 35.
12
Calculate the remainder when 474847 is divided by 76.
75
What is the remainder when 352796 is divided by 56?
52
Calculate the remainder when 86092 is divided by 28.
20
What is the remainder when 52951 is divided by 333?
4
What is the remainder when 3837 is divided by 192?
189
What is the remainder when 11428 is divided by 266?
256
What is the remainder when 14503 is divided by 259?
258
Calculate the remainder when 9079 is divided by 907.
9
Calculate the remainder when 87755 is divided by 206.
205
Calculate the remainder when 452608 is divided by 6.
4
What is the remainder when 1722289 is divided by 157?
156
What is the remainder when 29988 is divided by 652?
648
What is the remainder when 804 is divided by 56?
20
Calculate the remainder when 8633 is divided by 60.
53
Calculate the remainder when 28863 is divided by 780.
3
Calculate the remainder when 2719 is divided by 683.
670
What is the remainder when 34914 is divided by 388?
382
What is the remainder when 4960 is divided by 197?
35
Calculate the remainder when 26329 is divided by 354.
133
Calculate the remainder when 5146 is divided by 2067.
1012
Calculate the remainder when 30876 is divided by 167.
148
What is the remainder when 1896 is divided by 18?
6
What is the remainder when 21058 is divided by 314?
20
What is the remainder when 5965 is divided by 69?
31
Calculate the remainder when 944 is divided by 907.
37
What is the remainder when 77749 is divided by 6?
1
Calculate the remainder when 93322 is divided by 42.
40
Calculate the remainder when 3518 is divided by 2607.
911
Calculate the remainder when 1209 is divided by 666.
543
Calculate the remainder when 24045 is divided by 46.
33
Calculate the remainder when 4017 is divided by 53.
42
Calculate the remainder when 34987 is divided by 85.
52
Calculate the remainder when 6952 is divided by 232.
224
What is the remainder when 10508 is divided by 292?
288
Calculate the remainder when 362671 is divided by 304.
303
Calculate the remainder when 2296 is divided by 991.
314
Calculate the remainder when 385467 is divided by 98.
33
Calculat